87 prime?
True
Is 33950087 prime?
False
Is 31011979 a composite number?
False
Is 3670683 prime?
False
Is 125111669 a prime number?
False
Is 35550059 a prime number?
False
Is 117893 a prime number?
False
Is 23299079 composite?
False
Is 1451237 a composite number?
False
Is 2870737 a prime number?
False
Is 7778981 a prime number?
False
Is 14801149 a prime number?
False
Is 1035979 a composite number?
True
Is 187308449 composite?
True
Is 29578357 a composite number?
True
Is 365791 prime?
True
Is 11833397 a prime number?
True
Is 17283319 prime?
True
Is 3933737 prime?
False
Is 394191131 composite?
False
Is 2815147 composite?
True
Is 1282669 a composite number?
True
Is 6550963 a composite number?
False
Is 15369041 a composite number?
False
Is 129340069 a composite number?
True
Is 28029581 prime?
True
Is 225077647 a prime number?
False
Is 50051753 composite?
False
Is 19833127 composite?
False
Is 1542946 a composite number?
True
Is 4755781 prime?
True
Is 2453093 prime?
False
Is 1300693 prime?
False
Is 117138223 composite?
False
Is 21748609 prime?
False
Is 239594 a prime number?
False
Is 10055 a prime number?
False
Is 1140121 a prime number?
True
Is 403026317 a prime number?
False
Is 1331851 composite?
False
Is 5612801 prime?
True
Is 223265051 prime?
False
Is 1010023 a composite number?
True
Is 104236211 a composite number?
False
Is 360987919 prime?
True
Is 3647803 a prime number?
True
Is 781481 a prime number?
True
Is 76476857 a composite number?
True
Is 55457 a composite number?
False
Is 23620673 composite?
False
Is 87837443 prime?
True
Is 7794641 composite?
True
Is 96276547 a composite number?
False
Is 96337591 composite?
True
Is 526531 a composite number?
False
Is 550677851 composite?
False
Is 2148773 prime?
False
Is 27900953 a prime number?
True
Is 315160133 a composite number?
True
Is 11311609 prime?
False
Is 18520591 prime?
False
Is 344494342 prime?
False
Is 2426693 composite?
False
Is 1272881 composite?
False
Is 98121839 prime?
False
Is 94955033 a prime number?
True
Is 20674237 a prime number?
True
Is 245251 composite?
False
Is 22377731 composite?
False
Is 159126053 prime?
True
Is 3084997 composite?
True
Is 25261193 composite?
True
Is 435465299 a prime number?
False
Is 996731 prime?
False
Is 25405403 a composite number?
True
Is 82111697 a prime number?
True
Is 151368115 a prime number?
False
Is 3587197 a composite number?
False
Is 7999441 a composite number?
True
Is 8229673 a prime number?
False
Is 1271383 prime?
True
Is 12858299 a composite number?
False
Is 550139 a prime number?
True
Is 30093319 composite?
False
Is 1455151 a composite number?
False
Is 40284367 prime?
False
Is 2288029 prime?
True
Is 3699629 a prime number?
True
Is 20494601 a prime number?
True
Is 74893297 prime?
False
Is 18434851 a composite number?
True
Is 3667193 a composite number?
True
Is 158246851 prime?
False
Is 38543537 a composite number?
True
Is 2349850069 a composite number?
True
Is 1440039 composite?
True
Is 3657235 a prime number?
False
Is 64578499 a composite number?
False
Is 182090693 a composite number?
False
Is 308746947 prime?
False
Is 216379 a composite number?
False
Is 35513927 prime?
False
Is 29463169 prime?
True
Is 1062571 a prime number?
False
Is 251079641 composite?
False
Is 5013581 prime?
True
Is 13219537 prime?
True
Is 4070861 a prime number?
True
Is 3591311 a composite number?
False
Is 1564457 prime?
True
Is 15306527 composite?
False
Is 333839867 a prime number?
True
Is 777737161 prime?
True
Is 2036579 a composite number?
False
Is 964771 composite?
True
Is 92681711 a prime number?
True
Is 6066787 prime?
True
Is 2769737 a prime number?
False
Is 148994149 prime?
True
Is 4373399 prime?
True
Is 6482991 a prime number?
False
Is 5370149 composite?
True
Is 12755651 a prime number?
True
Is 59677 a composite number?
True
Is 46851631 composite?
True
Is 14846245 a composite number?
True
Is 1661745271 a prime number?
True
Is 2665199 prime?
True
Is 8031431 prime?
True
Is 1441189 composite?
False
Is 7317487 prime?
True
Is 97771 prime?
True
Is 354063169 prime?
True
Is 297351413 composite?
True
Is 1688741 a composite number?
False
Is 4600117 composite?
True
Is 4346695 a prime number?
False
Is 22722079 a prime number?
True
Is 6169507 a composite number?
False
Is 524715853 prime?
True
Is 4492543 a composite number?
True
Is 39931453 a prime number?
False
Is 684018127 a prime number?
False
Is 6472757 prime?
True
Is 501605098 a composite number?
True
Is 1797581 composite?
False
Is 76333 a composite number?
False
Is 70771907 prime?
False
Is 30747229 prime?
True
Is 18354313 composite?
False
Is 2269117 composite?
True
Is 193419021 a prime number?
False
Is 4294111 a composite number?
True
Is 11497901 prime?
True
Is 2250431 prime?
True
Is 38097601 a prime number?
False
Is 145127663 prime?
False
Is 14939293 a composite number?
True
Is 200437 composite?
False
Is 5822659 a prime number?
False
Is 3648027 a prime number?
False
Is 432319451 composite?
False
Is 451235261 composite?
False
Is 21522821 a composite number?
True
Is 888623 composite?
False
Is 191469 a composite number?
True
Is 16015913 composite?
True
Is 22028401 composite?
True
Is 143063129 prime?
False
Is 6692331 prime?
False
Is 513563549 prime?
True
Is 19185113 a composite number?
False
Is 1479077 prime?
False
Is 1190671 composite?
False
Is 39519361 a prime number?
False
Is 11398051 a prime number?
False
Is 15935837 a composite number?
False
Is 241366523 a composite number?
False
Is 209083789 prime?
False
Is 100564195 prime?
False
Is 2361107 composite?
True
Is 1610083 prime?
True
Is 45988537 a prime number?
False
Is 109232609 prime?
True
Is 670863 composite?
True
Is 4539161 prime?
False
Is 54797 composite?
True
Is 2033917 a prime number?
False
Is 582325697 a prime number?
False
Is 15786851 composite?
False
Is 2912659 prime?
True
Is 31726801 a composite number?
False
Is 3091793 a composite number?
True
Is 3464291 a prime number?
True
Is 1833299 a composite number?
True
Is 3991181 a composite number?
False
Is 2898773 a composite number?
True
Is 10624457 prime?
False
Is 1428127 a composite number?
False
Is 10451117 composite?
True
Is 587473 a prime number?
True
Is 181557511 a composite number?
False
Is 74464171 prime?
False
Is 7535821 composite?
True
Is 7187179 a prime number?
False
Is 175098197 prime?
True
Is 15143971 a prime number?
True
Is 236651329 a prime number?
True
Is 8433185 a composite number?
True
Is 1021907 a composite number?
False
Is 30407 prime?
False
Is 173606773 prime?
True
Is 8277083 a composite number?
False
Is 43649405 prime?
False
Is 48292747 prime?
True
Is 195833695 prime?
False
Is 375353 composite?
True
Is 1551883 a composite number?
False
Is 2408663 a composite number?
True
Is 3688486 prime?
False
Is 49217831 a composite number?
True
Is 158445533 prime?
True
Is 2623289 prime?
True
Is 211536473 composite?
True
Is 40595171 prime?
False
Is 16891051 prime?
False
Is 5650063 prime?
True
Is 2547931 a composite number?
True
Is 3194609 prime?
False
Is 13206679 a composite number?
False
Is 97811239 a composite number?
True
Is 240187 a prime number?
False
Is 48667919 a prime number?
True
Is 42358279 a prime number?
True
Is 328272071 prime?
False
Is 905867747 composite?
False
Is 26023 a composite number?
True
Is 1037639501 a prime number?
True
Is 2232583 prime?
True
Is 572513 composite?
True
Is 132557083 composite?
False
Is 11321243 a composite number?
False
Is 7122781 prime?
True
Is 348087721 a prime number?
True
Is 183318661 prime?
True
Is 83329319 prime?
False
Is 267126317 composite?
False
Is 2849983 a composite number?
False
Is 5063237 composite?
False
Is 17483747 a prime number?
True
Is 98770877 composite?
False
Is 2007409 a prime number?
False
Is 1014719 a prime number?
True
Is 174452947 a composite number?
False
Is 18184999 prime?
False
Is 832253 prime?
True
Is 3826703 a composite number?
False
Is 63489991 composite?
True
Is 10449787 prime?
True
Is 37253 composite?
False
Is 8419571 a composite number?
False
Is 3630119 prime?
False
Is 90181891 a prime number?
True
Is 8089563 a composite number?
True
Is 150279 a prime number?
False
Is 204426151 a prime number?
False
Is 212063855 a composite number?
True
Is 212620669 composite?
False
Is 6055403 a composite number?
True
Is 10782323 a composite number?
Fal